et g = -4565 - -10620. List the prime factors of g.
5, 7, 173
Suppose -k = -3*q - 1187, -2*k + 0*k + 2386 = -2*q. Suppose 0 = -3*n + 1535 - k. List the prime factors of n.
113
Suppose -583 - 135 = -2*m. Let c = m - 202. List the prime factors of c.
157
Let g = -458 + 4116. List the prime factors of g.
2, 31, 59
Let z(n) = 7*n - 3*n + 291*n**2 - 4 - 2 - 253*n**2. What are the prime factors of z(3)?
2, 3, 29
Let q = -24139 + 52076. List the prime factors of q.
7, 13, 307
Suppose 147*q = 159*q + 24. Let j(g) = -64*g - 8*g - 5 + 2. List the prime factors of j(q).
3, 47
Let n(g) = 15*g**2 - 23*g - 39. Let s be n(8). Let w = s + -294. What are the prime factors of w?
443
Let w(b) = b**3 - 2*b**2 - 25*b + 52. Let z be w(11). Suppose z = -13*x + 10343. What are the prime factors of x?
3
Let k = 757 - 451. Suppose -k = -j + 5*c - 4*c, -4*c - 618 = -2*j. List the prime factors of j.
3, 101
Suppose -2*p - 4*u = -45940, -81*u + 114870 = 5*p - 76*u. List the prime factors of p.
2, 11489
Let g = 56122 - 29117. List the prime factors of g.
5, 11, 491
Let n(f) = -4*f**3 - 4*f + 4. Let u be n(1). List the prime factors of (130/(-104))/((-1)/u) + 110.
3, 5, 7
Let f(s) = s - 13. Let q(r) = r**2 - 3*r + 26. Let k(l) = 5*f(l) + 2*q(l). Let t be -2*(-1 - (-2 + 4)). What are the prime factors of k(t)?
53
Let g(m) be the third derivative of m**6/24 + m**5/40 + m**4 - 2*m**2. Let d(f) be the second derivative of g(f). List the prime factors of d(1).
3, 11
Let r be (0*5/(-10))/(2 + -4). Suppose r = -0*o + 2*o - 10. Suppose 288 + 57 = 3*b - o*a, 3*a + 9 = 0. List the prime factors of b.
2, 5, 11
Let t(v) = -v**3 + 15*v**2 + 21*v - 38. Let q be t(13). Let p = 814 - q. What are the prime factors of p?
241
Let u = 63 + -63. Suppose -3*t + v + 2993 = u, 0 = 3*v - 8*v + 20. List the prime factors of t.
3, 37
Suppose -3*i + 4*c + 679 + 35754 = 0, 2*i - 4*c = 24286. What are the prime factors of i?
3, 4049
List the prime factors of 3*(-64224)/(-16) + -16.
2, 7, 859
Suppose -3*x = -5*y + 26904, -2*y + 125*x - 122*x = -10767. What are the prime factors of y?
3, 11, 163
Suppose -2*a = -5*i - 85, -2*a + 51 = -3*i - 5*a. Let w(m) = m + 22. Let u be w(i). Suppose 0 = 2*l + l - 2*q - 50, 95 = u*l - q. List the prime factors of l.
2, 5
Let h(l) = -51*l**2 + 4*l - 45. Let m be h(4). Let i = -484 - m. List the prime factors of i.
19
Let m(s) be the second derivative of -11*s**3/6 + 295*s**2/2 - s + 25. What are the prime factors of m(0)?
5, 59
What are the prime factors of (-161936)/(-11) - ((-24)/8 + (-108)/(-44))?
2, 17, 433
Suppose 3*t - 4548 = -5*v + 8820, -4*v = -2*t - 10712. Suppose 0 = 5*c - 8*z + 10*z - 3348, 4*c = -4*z + v. List the prime factors of c.
2, 5, 67
Let s(r) = 2*r**3 - r**2 + 26. Let l be s(0). Suppose i - l + 6 = 0. Suppose 0 = -i*m + 1201 + 839. List the prime factors of m.
2, 3, 17
Let v(g) = 20 - 10*g**2 + 11*g**2 + 14*g + 6. Let h be v(-12). Suppose -p = -0*p + h*d - 98, -3*p + 291 = 5*d. What are the prime factors of p?
2, 23
Suppose -54*x + 57*x = -4*d + 152104, -354902 = -7*x - 2*d. What are the prime factors of x?
2, 3, 5, 13
Suppose -4*k = 959 + 137. Let v = -38 + k. What are the prime factors of (-2)/20*-4 - v/20?
2
Let h(d) = 45424*d**3 + 4*d**2 + 157*d - 159. What are the prime factors of h(1)?
2, 3, 67, 113
Let z = 2301 + -303. Suppose 3*i = -3*f + z, 0 = -i - 4*f + f + 656. What are the prime factors of i?
11, 61
Let v = 117279 - 48429. List the prime factors of v.
2, 3, 5, 17
Let r(h) = 241*h**2 + 34*h + 14. List the prime factors of r(-4).
2, 1867
What are the prime factors of 1*(-1)/(-10) - ((-628719)/210 - 15)?
3, 17, 59
Suppose 2*k - 5*l = -3*k + 185, -2*k + 5*l = -62. Suppose -k*g - 1134 = -50*g. What are the prime factors of g?
2, 3, 7
Let n(w) = w**3 - 11*w**2 + 4*w - 8. Let i(m) = m**2 + 7*m - 12. Let x be i(-8). Let l(h) = h**2 + 4*h + 11. Let z be l(x). What are the prime factors of n(z)?
2, 3
Suppose 0 = 26*s + 23*s - 28*s - 986160. What are the prime factors of s?
2, 5, 587
Suppose -67*s - 273*s = -18343031 + 175471. What are the prime factors of s?
2, 26717
Let y be (-12)/20 + (-308)/(-5). Let o = y + -59. List the prime factors of (-2 + -2 - (-6)/o) + 7.
2, 3
Suppose -21*i + 165494 + 1229032 = 0. List the prime factors of i.
2, 33203
Suppose 5*y = -4*k + 1, 5*k - 2*y = -7 - 0. Let n(x) = 110*x**2 + 8*x + 7. Let s be n(k). Suppose 3*g - s = 113. What are the prime factors of g?
2, 37
Let y(o) = 2491*o + 2548*o - 5190*o - 12. List the prime factors of y(-3).
3, 7
Let a = -9755 + 14359. What are the prime factors of a?
2, 1151
Suppose -5*c = 2*k + 16 - 6, -c = 5*k + 2. Suppose -2*s = -4*m + 2*s - 8, k = -4*m - 4*s. What are the prime factors of 11 + 0/m - (-11 - -12)?
2, 5
Suppose 2*c + z = 39460, 3*c + 25*z = 19*z + 59172. What are the prime factors of c?
2, 4933
Let h(o) be the first derivative of -37*o**2/2 - 18*o - 58. List the prime factors of h(-7).
241
Let d(q) = 58*q + 8. Suppose 0 = -4*o + 17 + 7. Let g be d(o). Let u = g + -239. List the prime factors of u.
3, 13
What are the prime factors of (-129 - -43467) + 1 + -5?
2, 47, 461
Let q(v) = 268*v - 18. Let y be q(3). Suppose -n + 4*l + y = 0, 5*n + 4*l - 5945 = -1895. What are the prime factors of n?
2, 13, 31
Let u be (-7 + 8 + -7)*1148/(-6). Let f = u + -424. List the prime factors of f.
2, 181
Let l = 151 - 146. Suppose -5*z = 4*k - k - 2386, 0 = l*z + 5*k - 2380. What are the prime factors of z?
479
Let h = -8749 - -8765. Suppose -346 = 5*o - 4561. List the prime factors of o/12*h/4.
281
Let b(a) be the second derivative of 1/2*a**2 + 0 - 8*a - 71/6*a**3. What are the prime factors of b(-1)?
2, 3
Let d(x) = 3233*x**2 + 11*x - 23. What are the prime factors of d(2)?
67, 193
Suppose -39*c + 313929 - 56061 = 0. What are the prime factors of c?
2, 3, 19, 29
What are the prime factors of (85/34)/((21/(-3510))/(-7))?
3, 5, 13
Let k be ((-40)/(-60))/((-1)/(-3)). Suppose -2*i - 5*x - 206 = -717, -757 = -3*i + k*x. What are the prime factors of i?
11, 23
Suppose 1976 = -2*z + 9*g - 13*g, 2*z - 4*g + 1968 = 0. Let r = z + 1733. Suppose 5*l - r = -4*l. What are the prime factors of l?
83
Let p(o) = -10*o + 88. Let n be p(-22). What are the prime factors of 6336/n*(-98)/(-3)?
2, 3, 7
Suppose 31374 = -187*q + 205*q. List the prime factors of q.
3, 7, 83
Suppose 0 = 2*v - 31 - 7. Suppose 21 - v = -t. What are the prime factors of 28890/195 + t/13?
2, 37
Suppose -85257 = 17*k - 307040 - 279598. List the prime factors of k.
3, 29, 113
Suppose 24*f + 78783 - 298215 = 0. What are the prime factors of f?
41, 223
Suppose -20*m = -36*m + 64. Suppose 3*y - 770 = 4*z, 213 - 1218 = -m*y + z. List the prime factors of y.
2, 5
Let v = -64 + 452. Let n(i) = -210*i**3 + 3*i + 3. Let s be n(-1). Let l = v - s. List the prime factors of l.
2, 89
List the prime factors of 25973 - 4 - (18 + -21).
2, 43, 151
Suppose 107*n - 35460 = -5*o + 112*n, o + n - 7092 = 0. List the prime factors of o.
2, 3, 197
Let i = -9 - -14. Suppose y - 42 = -2*c, -i*y + 4*y = -2*c - 34. Let d = y + -7. What are the prime factors of d?
31
Let a = 54 + -51. Let b(y) = 8*y - 17. Let x(n) = -8*n + 17. Let u(l) = a*x(l) + 2*b(l). List the prime factors of u(-7).
73
Let f be -5 + 9 + (2 - 2). Suppose -i + s - 194 = -0*s, -777 = f*i - 5*s. List the prime factors of i/(-3) - 14/(-21).
5, 13
Let a = 55631 + 1963. List the prime factors of a.
2, 3, 29, 331
Let y = -383 + 383. Suppose -1666 = -2*n + 5*a, y = n + a - 6*a - 823. What are the prime factors of n?
3, 281
Suppose 10*a = 8*a + 6. Suppose 3*q = -4*f - a, 3*q - 2*f - 2*f - 21 = 0. What are the prime factors of 8/((-2)/(1 - 2 - q))?
2
Suppose 4*u - 84 = 2*b + 134, -5*u - 74 = b. Let j = 134 + b. Let w = 189 - j. What are the prime factors of w?
2, 7, 11
What are the prime factors of ((-491588)/(-295))/(-3 - (-668)/220)?
2, 11, 2083
Let d(p) = p**3 + 116*p**2 + 153*p + 8. What are the prime factors of d(-112)?
2, 3, 17
Let v(u) = -u**2 + 21*u + 31. Let z be v(23). List the prime factors of (z/4 - -4) + (-23576)/(-32).
11, 67
Suppose -325166 = -36*j + 17*j. List the prime factors of j.
2, 43, 199
Suppose 0 = -179*b + 180*b - 5373. List the prime factors of b.
3, 199
Suppose 0 = -f + 12*f - 220. Suppose v = -2*i + 14 + f, i - 215 = -5*v. What are the prime factors of v?
2, 11
Let r 